{"version":"1.0","provider_name":"M A R M A L A D E","provider_url":"https:\/\/marmalade.cafeblog.hu","author_name":"marmalade","author_url":"https:\/\/marmalade.cafeblog.hu\/author\/marmalade-2\/","title":"Ny\u00e1ri relax leves","html":"<p style=\"text-align: center\"><a href=\"https:\/\/marmalade.cafeblog.hu\/files\/2013\/07\/\u00e1tdolgRelaxLeves-024.jpg\"><img class=\"aligncenter size-large wp-image-854\" alt=\"\u00e1tdolgRelaxLeves 024\" src=\"https:\/\/marmalade.cafeblog.hu\/files\/2013\/07\/\u00e1tdolgRelaxLeves-024-450x600.jpg\" width=\"450\" height=\"600\" \/><\/a><\/p>\r\nEgy \u00fajabb leves a makrobiotika jegy\u00e9ben, k\u00e9t kedvencemmel az adzuki babbal, \u00e9s kukoric\u00e1val. Ez ut\u00f3bbi\u00a0 a ny\u00e1ri szezon aktu\u00e1lis\u00a0 z\u00f6lds\u00e9ge, az adzuki pedig a n\u0151i\u00a0 szervezetre hat igen csak j\u00f3t\u00e9konyan. J\u00f3 hozz\u00e1 a marad\u00e9k f\u0151tt kukorica is, ha nincs nem gond, legfeljebb a babbal egy\u00fctt tov\u00e1bb kell f\u0151zni.\r\n\r\nEgy fej v\u00f6r\u00f6shagym\u00e1n pir\u00edtsuk meg a nagyobb cs\u00edkokra v\u00e1gott v\u00f6r\u00f6shagym\u00e1t, dobjuk hozz\u00e1 egy-egy feldarabolt feh\u00e9rr\u00e9p\u00e1t, s\u00e1rgar\u00e9p\u00e1t. Adjunk hozz\u00e1 f\u00e9l b\u00f6gre adzuki babot (\u00e9n ezt le\u00f6bl\u00edtettem) \u00e9s ugyanennyi kukoric\u00e1t. Pir\u00edtsuk \u00e1t, majd \u00f6nts\u00fck fel 4 b\u00f6gre v\u00edzzel \u00e9s f\u0151zz\u00fck, am\u00edg a bab \u00e9s a kukorica megpuhul. Ekkor tegy\u00fcnk bele 2 ev\u0151kan\u00e1l Shoyu sz\u00f3jasz\u00f3szt, majd egy f\u00e9l kan\u00e1l, langyos v\u00edzzel elkevert miso paszt\u00e1t (\u00e1rpa miso). Egy perc f\u0151z\u00e9s ut\u00e1n z\u00e1rjuk el a g\u00e1zt, sz\u00f3rjuk meg petrezselyemmel, vagy \u00fajhagyma felapr\u00edtott sz\u00e1r\u00e1val.\r\n\r\nEnyh\u00e9n \u00e9desk\u00e9s \u00edz\u0171 levesre sz\u00e1m\u00edtsunk.\r\n<p style=\"text-align: center\"><a href=\"https:\/\/marmalade.cafeblog.hu\/files\/2013\/07\/\u00e1tdolgRelax.jpg\"><img class=\"aligncenter size-large wp-image-855\" alt=\"\u00e1tdolgRelax\" src=\"https:\/\/marmalade.cafeblog.hu\/files\/2013\/07\/\u00e1tdolgRelax-600x450.jpg\" width=\"600\" height=\"450\" \/><\/a><\/p>\r\n&nbsp;","type":"rich"}

Nyári relax leves

<p style="text-align: center"><a href="https://marmalade.cafeblog.hu/files/2013/07/átdolgRelaxLeves-024.jpg"><img class="aligncenter size-large wp-image-854" alt="átdolgRelaxLeves 024" src="https://marmalade.cafeblog.hu/files/2013/07/átdolgRelaxLeves-024-450x600.jpg" width="450" height="600" /></a></p>
Egy újabb leves a makrobiotika jegyében, két kedvencemmel az adzuki babbal, és kukoricával. Ez utóbbi  a nyári szezon aktuális  zöldsége, az adzuki pedig a női  szervezetre hat igen csak jótékonyan. Jó hozzá a maradék főtt kukorica is, ha nincs nem gond, legfeljebb a babbal együtt tovább kell főzni.

Egy fej vöröshagymán pirítsuk meg a nagyobb csíkokra vágott vöröshagymát, dobjuk hozzá egy-egy feldarabolt fehérrépát, sárgarépát. Adjunk hozzá fél bögre adzuki babot (én ezt leöblítettem) és ugyanennyi kukoricát. Pirítsuk át, majd öntsük fel 4 bögre vízzel és főzzük, amíg a bab és a kukorica megpuhul. Ekkor tegyünk bele 2 evőkanál Shoyu szójaszószt, majd egy fél kanál, langyos vízzel elkevert miso pasztát (árpa miso). Egy perc főzés után zárjuk el a gázt, szórjuk meg petrezselyemmel, vagy újhagyma felaprított szárával.

Enyhén édeskés ízű levesre számítsunk.
<p style="text-align: center"><a href="https://marmalade.cafeblog.hu/files/2013/07/átdolgRelax.jpg"><img class="aligncenter size-large wp-image-855" alt="átdolgRelax" src="https://marmalade.cafeblog.hu/files/2013/07/átdolgRelax-600x450.jpg" width="600" height="450" /></a></p>
&nbsp;
